{"id":1592,"date":"2022-06-26T21:25:00","date_gmt":"2022-06-26T20:25:00","guid":{"rendered":"http:\/\/pomme-d-amap.org\/?page_id=1592"},"modified":"2022-06-26T21:15:19","modified_gmt":"2022-06-26T20:15:19","slug":"distribution-du-mardi-21-juin-2022-chantier-samedi-25","status":"publish","type":"page","link":"https:\/\/pomme-d-amap.org\/index.php\/distribution-du-mardi-21-juin-2022-chantier-samedi-25\/","title":{"rendered":"Distribution du mardi 21 juin 2022 + chantier samedi 25"},"content":{"rendered":"\n<p>Salut \u00e0 tous,<\/p>\n\n\n\n<p><br>D&rsquo;abord merci \u00e0 la douzaine de pr\u00e9sents samedi au chantier canicule! En fait, l&rsquo;ombre des arbres et une petite brise bienvenue nous ont fait passer une journ\u00e9e largement supportable&#8230;Comme je sais que la plupart d&rsquo;entre vous avait la rage de ne pas pouvoir venir \u00e0 cause des conditions climatiques, je leur ouvre exceptionnellement \u00e0 nouveau la ferme\u00a0<strong>samedi 25 juin<\/strong>\u00a0et je viens d&rsquo;ouvrir une nouvelle date dans le framadate \u00e0 cet effet (c&rsquo;est bien parce que c&rsquo;est vous&#8230;). C&rsquo;est ici :\u00a0<a rel=\"noreferrer noopener\" href=\"https:\/\/framadate.org\/AlfWIvRh4VGMrxOI\" target=\"_blank\"><strong><u>CHANTIERS 2022<\/u><\/strong><\/a><\/p>\n\n\n\n<p><br>Voici votre panier:<\/p>\n\n\n\n<ul class=\"wp-block-list\"><li>Carottes 1 kg ou +<\/li><li>F\u00e8ves quantit\u00e9 selon r\u00e9colte<\/li><li>Radis roses quantit\u00e9 selon r\u00e9colte<\/li><li>Oignons rouges ou jaunes &#8211; 600 g<\/li><li>Laitue 1<\/li><li>Courgettes 4<\/li><\/ul>\n\n\n\n<p><br>Voil\u00e0, bonne journ\u00e9e et \u00e0 ce soir!<br>Marc<\/p>\n","protected":false},"excerpt":{"rendered":"<p>Salut \u00e0 tous, D&rsquo;abord merci \u00e0 la douzaine de pr\u00e9sents samedi au chantier canicule! En fait, l&rsquo;ombre des arbres et une petite brise bienvenue nous ont fait passer une journ\u00e9e largement supportable&#8230;Comme je sais que la plupart d&rsquo;entre vous avait la rage de ne pas pouvoir venir \u00e0 cause des conditions climatiques, je leur ouvre &hellip; <a href=\"https:\/\/pomme-d-amap.org\/index.php\/distribution-du-mardi-21-juin-2022-chantier-samedi-25\/\" class=\"more-link\">Continuer la lecture de <span class=\"screen-reader-text\">Distribution du mardi 21 juin 2022 + chantier samedi 25<\/span>  <span class=\"meta-nav\">&rarr;<\/span><\/a><\/p>\n","protected":false},"author":1,"featured_media":0,"parent":0,"menu_order":0,"comment_status":"closed","ping_status":"closed","template":"","meta":{"footnotes":""},"class_list":["post-1592","page","type-page","status-publish","hentry"],"_links":{"self":[{"href":"https:\/\/pomme-d-amap.org\/index.php\/wp-json\/wp\/v2\/pages\/1592","targetHints":{"allow":["GET"]}}],"collection":[{"href":"https:\/\/pomme-d-amap.org\/index.php\/wp-json\/wp\/v2\/pages"}],"about":[{"href":"https:\/\/pomme-d-amap.org\/index.php\/wp-json\/wp\/v2\/types\/page"}],"author":[{"embeddable":true,"href":"https:\/\/pomme-d-amap.org\/index.php\/wp-json\/wp\/v2\/users\/1"}],"replies":[{"embeddable":true,"href":"https:\/\/pomme-d-amap.org\/index.php\/wp-json\/wp\/v2\/comments?post=1592"}],"version-history":[{"count":1,"href":"https:\/\/pomme-d-amap.org\/index.php\/wp-json\/wp\/v2\/pages\/1592\/revisions"}],"predecessor-version":[{"id":1593,"href":"https:\/\/pomme-d-amap.org\/index.php\/wp-json\/wp\/v2\/pages\/1592\/revisions\/1593"}],"wp:attachment":[{"href":"https:\/\/pomme-d-amap.org\/index.php\/wp-json\/wp\/v2\/media?parent=1592"}],"curies":[{"name":"wp","href":"https:\/\/api.w.org\/{rel}","templated":true}]}}

<p>Salut à tous,</p>



<p><br>D&rsquo;abord merci à la douzaine de présents samedi au chantier canicule! En fait, l&rsquo;ombre des arbres et une petite brise bienvenue nous ont fait passer une journée largement supportable&#8230;Comme je sais que la plupart d&rsquo;entre vous avait la rage de ne pas pouvoir venir à cause des conditions climatiques, je leur ouvre exceptionnellement à nouveau la ferme <strong>samedi 25 juin</strong> et je viens d&rsquo;ouvrir une nouvelle date dans le framadate à cet effet (c&rsquo;est bien parce que c&rsquo;est vous&#8230;). C&rsquo;est ici : <a rel="noreferrer noopener" href="https://framadate.org/AlfWIvRh4VGMrxOI" target="_blank"><strong><u>CHANTIERS 2022</u></strong></a></p>



<p><br>Voici votre panier:</p>



<ul class="wp-block-list"><li>Carottes 1 kg ou +</li><li>Fèves quantité selon récolte</li><li>Radis roses quantité selon récolte</li><li>Oignons rouges ou jaunes &#8211; 600 g</li><li>Laitue 1</li><li>Courgettes 4</li></ul>



<p><br>Voilà, bonne journée et à ce soir!<br>Marc</p>

<p>Salut à tous, D&rsquo;abord merci à la douzaine de présents samedi au chantier canicule! En fait, l&rsquo;ombre des arbres et une petite brise bienvenue nous ont fait passer une journée largement supportable&#8230;Comme je sais que la plupart d&rsquo;entre vous avait la rage de ne pas pouvoir venir à cause des conditions climatiques, je leur ouvre &hellip; <a href="https://pomme-d-amap.org/index.php/distribution-du-mardi-21-juin-2022-chantier-samedi-25/" class="more-link">Continuer la lecture de <span class="screen-reader-text">Distribution du mardi 21 juin 2022 + chantier samedi 25</span>  <span class="meta-nav">&rarr;</span></a></p>
