{"id":23,"date":"2016-09-30T16:28:59","date_gmt":"2016-09-30T15:28:59","guid":{"rendered":"http:\/\/pomme-d-amap.org\/?page_id=23"},"modified":"2026-04-05T16:50:39","modified_gmt":"2026-04-05T15:50:39","slug":"le-contrat","status":"publish","type":"page","link":"https:\/\/pomme-d-amap.org\/index.php\/le-contrat\/","title":{"rendered":"Contrats et Adh\u00e9sion"},"content":{"rendered":"<p>Pour adh\u00e9rer \u00e0 Pomme d&rsquo;Amap, il vous suffit de remplir le bulletin d&rsquo;adh\u00e9sion \u00e0 l&rsquo;association et de payer votre cotisation annuelle. Cela vous ouvre la possibilit\u00e9 de signer un contrat annuel avec les producteurs de l&rsquo;Amap mais aussi d&rsquo;\u00eatre \u00ab\u00a0intermittent\u00a0\u00bb et de racheter ponctuellement les parts de r\u00e9coltes d&rsquo;autres Amapiens, sans avoir de contrat annuel.<\/p>\n<p><b>L&rsquo;adh\u00e9sion pour 2026 se fait en ligne :<\/b><\/p>\n<p><a href=\"https:\/\/www.helloasso.com\/associations\/pomme-d-amap-94\/adhesions\/adhesion-2026\">https:\/\/www.helloasso.com\/associations\/pomme-d-amap-94\/adhesions\/adhesion-2026<\/a><\/p>\n<p>&nbsp;<\/p>\n<p><iframe id=\"haWidget\" style=\"width: 100%; height: 70px; border: none;\" src=\"https:\/\/www.helloasso.com\/associations\/pomme-d-amap-94\/adhesions\/adhesion-2025\/widget-bouton\"><\/iframe><\/p>\n<p>&nbsp;<\/p>\n<ul>\n<li><a href=\"https:\/\/pomme-d-amap.org\/wp-content\/uploads\/2026\/01\/Contrat-Pain-2026-Ivry.odt\">Contrat_Pain_2026<\/a><\/li>\n<li><a href=\"https:\/\/pomme-d-amap.org\/wp-content\/uploads\/2026\/04\/2026-2027.Contrat-legumes.GAECduChampLibre-PommedAmap.pdf\">Contrat L\u00e9gumes Mai 2026 \u00e0 avril 2027<\/a><\/li>\n<li><a href=\"https:\/\/pomme-d-amap.org\/wp-content\/uploads\/2026\/04\/Contrat_Amap_2026_Ivry.pdf\">Contrat fruits mai \u00e0 octobre 2026<\/a><\/li>\n<li><a href=\"https:\/\/pomme-d-amap.org\/wp-content\/uploads\/2026\/01\/Contrat-Biere-nousdouze-biere-uniquement-2026.pdf\">Contrat Biere nousdouze<\/a><\/li>\n<li><a href=\"https:\/\/pomme-d-amap.org\/wp-content\/uploads\/2026\/01\/Contrat-oeufs-2026-POMME-DAMAP.pdf\">Contrat-ChantDuCoqDeMelz-PommedAmap-Oeufs<\/a>-2026<\/li>\n<li><a href=\"https:\/\/pomme-d-amap.org\/wp-content\/uploads\/2026\/01\/Contrat-volailles-2026-POMME-DAMAP.pdf\">Contrat-ChantDuCoqDeMelz-PommedAmap-Volailles-2026<\/a><\/li>\n<\/ul>\n<p><a href=\"https:\/\/amap-idf.org\/medias\/files\/2charte_des_amap\/charte_des_amap_mars_20142.pdf\">Charte des Amaps<\/a> (lecture vivement conseill\u00e9e !)<\/p>\n<p><span style=\"font-size: inherit;\">\u00a0<\/span><\/p>\n\n\n<pre class=\"wp-block-code\"><code><\/code><\/pre>\n\n\n\n<p><\/p>\n","protected":false},"excerpt":{"rendered":"<p>Pour adh\u00e9rer \u00e0 Pomme d&rsquo;Amap, il vous suffit de remplir le bulletin d&rsquo;adh\u00e9sion \u00e0 l&rsquo;association et de payer votre cotisation annuelle. Cela vous ouvre la possibilit\u00e9 de signer un contrat annuel avec les producteurs de l&rsquo;Amap mais aussi d&rsquo;\u00eatre \u00ab\u00a0intermittent\u00a0\u00bb et de racheter ponctuellement les parts de r\u00e9coltes d&rsquo;autres Amapiens, sans avoir de contrat annuel. &hellip; <a href=\"https:\/\/pomme-d-amap.org\/index.php\/le-contrat\/\" class=\"more-link\">Continuer la lecture de <span class=\"screen-reader-text\">Contrats et Adh\u00e9sion<\/span>  <span class=\"meta-nav\">&rarr;<\/span><\/a><\/p>\n","protected":false},"author":1,"featured_media":0,"parent":0,"menu_order":0,"comment_status":"closed","ping_status":"closed","template":"","meta":{"footnotes":""},"class_list":["post-23","page","type-page","status-publish","hentry"],"_links":{"self":[{"href":"https:\/\/pomme-d-amap.org\/index.php\/wp-json\/wp\/v2\/pages\/23","targetHints":{"allow":["GET"]}}],"collection":[{"href":"https:\/\/pomme-d-amap.org\/index.php\/wp-json\/wp\/v2\/pages"}],"about":[{"href":"https:\/\/pomme-d-amap.org\/index.php\/wp-json\/wp\/v2\/types\/page"}],"author":[{"embeddable":true,"href":"https:\/\/pomme-d-amap.org\/index.php\/wp-json\/wp\/v2\/users\/1"}],"replies":[{"embeddable":true,"href":"https:\/\/pomme-d-amap.org\/index.php\/wp-json\/wp\/v2\/comments?post=23"}],"version-history":[{"count":114,"href":"https:\/\/pomme-d-amap.org\/index.php\/wp-json\/wp\/v2\/pages\/23\/revisions"}],"predecessor-version":[{"id":2107,"href":"https:\/\/pomme-d-amap.org\/index.php\/wp-json\/wp\/v2\/pages\/23\/revisions\/2107"}],"wp:attachment":[{"href":"https:\/\/pomme-d-amap.org\/index.php\/wp-json\/wp\/v2\/media?parent=23"}],"curies":[{"name":"wp","href":"https:\/\/api.w.org\/{rel}","templated":true}]}}