{"id":90,"date":"2016-10-10T21:03:49","date_gmt":"2016-10-10T20:03:49","guid":{"rendered":"http:\/\/pomme-d-amap.org\/?page_id=90"},"modified":"2024-10-20T16:56:02","modified_gmt":"2024-10-20T15:56:02","slug":"jean-pierre-rocipon-eleveur","status":"publish","type":"page","link":"https:\/\/pomme-d-amap.org\/index.php\/les-producteurs\/jean-pierre-rocipon-eleveur\/","title":{"rendered":"Jean-Pierre Rocipon &#8211; AVICULTEUR"},"content":{"rendered":"<p><img loading=\"lazy\" decoding=\"async\" class=\" wp-image-834 alignleft\" src=\"https:\/\/pomme-d-amap.org\/wp-content\/uploads\/2018\/12\/Capture-d\u2019e\u0301cran-2018-12-13-a\u0300-14.10.25-150x150.png\" alt=\"Jean-Pierre ROCIPON, \u00e9leveur\" width=\"150\" height=\"150\" \/>Jean-Pierre Rocipon est \u00e9leveur de poules pondeuses et de volailles de chair \u00e0 Melz-sur-Seine (77), \u00e0 la limite de l&rsquo;Aube (10). Il travaille au sein d&rsquo;une <a href=\"https:\/\/www.facebook.com\/Le-chant-du-coq-de-Melz-349988665398413\/\">exploitation certifi\u00e9e Agriculture Biologique<\/a> au c\u00f4t\u00e9 de son fr\u00e8re Nicolas, agriculteur et mara\u00eecher.<\/p>\n<p>[leaflet-map lat=48.50381554901541 lng=3.402844708271036 zoom=11 zoomcontrol=\u00a0\u00bb1&Prime;]<\/p>\n<p>[leaflet-marker]<\/p>\n<p><a href=\"https:\/\/www.facebook.com\/Le-chant-du-coq-de-Melz-349988665398413\/\" target=\"_blank\" rel=\"external noopener noreferrer\"><img loading=\"lazy\" decoding=\"async\" class=\"aligncenter\" title=\"Logo Chant du Coq de Melz\" src=\"https:\/\/pomme-d-amap.org\/wp-content\/uploads\/2020\/12\/ChantDuCoqDeMelz.jpg\" alt=\"\" width=\"667\" height=\"667\" \/><\/a><\/p>\n","protected":false},"excerpt":{"rendered":"<p>Jean-Pierre Rocipon est \u00e9leveur de poules pondeuses et de volailles de chair \u00e0 Melz-sur-Seine (77), \u00e0 la limite de l&rsquo;Aube (10). Il travaille au sein d&rsquo;une exploitation certifi\u00e9e Agriculture Biologique au c\u00f4t\u00e9 de son fr\u00e8re Nicolas, agriculteur et mara\u00eecher. [leaflet-map lat=48.50381554901541 lng=3.402844708271036 zoom=11 zoomcontrol=\u00a0\u00bb1&Prime;] [leaflet-marker]<\/p>\n","protected":false},"author":1,"featured_media":0,"parent":14,"menu_order":0,"comment_status":"closed","ping_status":"closed","template":"","meta":{"footnotes":""},"class_list":["post-90","page","type-page","status-publish","hentry"],"_links":{"self":[{"href":"https:\/\/pomme-d-amap.org\/index.php\/wp-json\/wp\/v2\/pages\/90","targetHints":{"allow":["GET"]}}],"collection":[{"href":"https:\/\/pomme-d-amap.org\/index.php\/wp-json\/wp\/v2\/pages"}],"about":[{"href":"https:\/\/pomme-d-amap.org\/index.php\/wp-json\/wp\/v2\/types\/page"}],"author":[{"embeddable":true,"href":"https:\/\/pomme-d-amap.org\/index.php\/wp-json\/wp\/v2\/users\/1"}],"replies":[{"embeddable":true,"href":"https:\/\/pomme-d-amap.org\/index.php\/wp-json\/wp\/v2\/comments?post=90"}],"version-history":[{"count":31,"href":"https:\/\/pomme-d-amap.org\/index.php\/wp-json\/wp\/v2\/pages\/90\/revisions"}],"predecessor-version":[{"id":2020,"href":"https:\/\/pomme-d-amap.org\/index.php\/wp-json\/wp\/v2\/pages\/90\/revisions\/2020"}],"up":[{"embeddable":true,"href":"https:\/\/pomme-d-amap.org\/index.php\/wp-json\/wp\/v2\/pages\/14"}],"wp:attachment":[{"href":"https:\/\/pomme-d-amap.org\/index.php\/wp-json\/wp\/v2\/media?parent=90"}],"curies":[{"name":"wp","href":"https:\/\/api.w.org\/{rel}","templated":true}]}}